of 317?
317
List the prime factors of 10079.
10079
List the prime factors of 1430.
2, 5, 11, 13
What are the prime factors of 4727?
29, 163
List the prime factors of 24988.
2, 6247
List the prime factors of 4443.
3, 1481
List the prime factors of 16443.
3, 7, 29
List the prime factors of 38832.
2, 3, 809
List the prime factors of 26906.
2, 11, 1223
What are the prime factors of 11998?
2, 7, 857
What are the prime factors of 7052?
2, 41, 43
What are the prime factors of 1253?
7, 179
List the prime factors of 37666.
2, 37, 509
What are the prime factors of 1360?
2, 5, 17
List the prime factors of 233.
233
What are the prime factors of 5971?
7, 853
What are the prime factors of 7107?
3, 23, 103
List the prime factors of 114853.
43, 2671
What are the prime factors of 3151?
23, 137
What are the prime factors of 1140?
2, 3, 5, 19
What are the prime factors of 14498?
2, 11, 659
List the prime factors of 15217.
15217
List the prime factors of 3404.
2, 23, 37
List the prime factors of 1228.
2, 307
List the prime factors of 6043.
6043
What are the prime factors of 16127?
16127
List the prime factors of 520.
2, 5, 13
What are the prime factors of 652?
2, 163
List the prime factors of 8948.
2, 2237
What are the prime factors of 1188?
2, 3, 11
List the prime factors of 65555.
5, 7, 1873
List the prime factors of 13862.
2, 29, 239
List the prime factors of 6309.
3, 701
What are the prime factors of 4177?
4177
What are the prime factors of 3587?
17, 211
List the prime factors of 915.
3, 5, 61
What are the prime factors of 12773?
53, 241
What are the prime factors of 2372?
2, 593
List the prime factors of 53509.
73, 733
What are the prime factors of 13818?
2, 3, 7, 47
What are the prime factors of 25863?
3, 37, 233
What are the prime factors of 78462?
2, 3, 1453
List the prime factors of 92104.
2, 29, 397
What are the prime factors of 19113?
3, 23, 277
List the prime factors of 1649.
17, 97
What are the prime factors of 86224?
2, 17, 317
List the prime factors of 5908.
2, 7, 211
What are the prime factors of 9869?
71, 139
What are the prime factors of 2860?
2, 5, 11, 13
List the prime factors of 11477.
23, 499
What are the prime factors of 1789?
1789
List the prime factors of 97061.
31, 101
What are the prime factors of 5970?
2, 3, 5, 199
What are the prime factors of 57733?
13, 4441
What are the prime factors of 9338?
2, 7, 23, 29
List the prime factors of 73277.
73277
List the prime factors of 244.
2, 61
What are the prime factors of 22?
2, 11
List the prime factors of 4816.
2, 7, 43
What are the prime factors of 45351?
3, 5039
List the prime factors of 72.
2, 3
What are the prime factors of 6906?
2, 3, 1151
What are the prime factors of 78836?
2, 19709
What are the prime factors of 114890?
2, 5, 11489
What are the prime factors of 13256?
2, 1657
What are the prime factors of 19343?
23, 29
List the prime factors of 905.
5, 181
List the prime factors of 67.
67
List the prime factors of 2221.
2221
List the prime factors of 2415.
3, 5, 7, 23
List the prime factors of 21207.
3, 7069
What are the prime factors of 2641?
19, 139
List the prime factors of 301.
7, 43
What are the prime factors of 5648?
2, 353
List the prime factors of 13000.
2, 5, 13
What are the prime factors of 10895?
5, 2179
What are the prime factors of 6390?
2, 3, 5, 71
What are the prime factors of 6149?
11, 13, 43
List the prime factors of 1820.
2, 5, 7, 13
List the prime factors of 7849.
47, 167
What are the prime factors of 95472?
2, 3, 13, 17
What are the prime factors of 77520?
2, 3, 5, 17, 19
What are the prime factors of 183?
3, 61
What are the prime factors of 58202?
2, 29101
List the prime factors of 28333.
29, 977
List the prime factors of 368.
2, 23
What are the prime factors of 793?
13, 61
What are the prime factors of 308?
2, 7, 11
What are the prime factors of 8867?
8867
What are the prime factors of 4469?
41, 109
List the prime factors of 35225.
5, 1409
List the prime factors of 1787.
1787
What are the prime factors of 8208?
2, 3, 19
List the prime factors of 326.
2, 163
List the prime factors of 966.
2, 3, 7, 23
List the prime factors of 51815.
5, 43, 241
What are the prime factors of 29874?
2, 3, 13, 383
List the prime factors of 5041.
71
What are the prime factors of 292?
2, 73
What are the prime factors of 1289?
1289
What are the prime factors of 2337?
3, 19, 41
What are the prime factors of 1391?
13, 107
List the prime factors of 36564.
2, 3, 11, 277
List the prime factors of 142961.
7, 13, 1571
List the prime factors of 27428.
2, 6857
List the prime factors of 599.
599
What are the prime factors of 12160?
2, 5, 19
List the prime factors of 6939.
3, 257
What are the prime factors of 28708?
2, 7177
What are the prime factors of 2909?
2909
What are the prime factors of 36935?
5, 83, 89
What are the prime factors of 24792?
2, 3, 1033
List the prime factors of 4532.
2, 11, 103
What are the prime factors of 168960?
2, 3, 5, 11
List the prime factors of 50740.
2, 5, 43, 59
What are the prime factors of 8407?
7, 1201
List the prime factors of 333.
3, 37
What are the prime factors of 2327?
13, 179
What are the prime factors of 1212?
2, 3, 101
List the prime factors of 35745.
3, 5, 2383
List the prime factors of 2561.
13, 197
What are the prime factors of 92577?
3, 30859
What are the prime factors of 11253?
3, 11, 31
List the prime factors of 87927.
3, 7, 53, 79
What are the prime factors of 262?
2, 131
What are the prime factors of 15613?
13, 1201
List the prime factors of 990.
2, 3, 5, 11
List the prime factors of 752.
2, 47
List the prime factors of 3167.
3167
List the prime factors of 22461.
3, 7487
What are the prime factors of 1760?
2, 5, 11
What are the prime factors of 3548?
2, 887
List the prime factors of 566.
2, 283
What are the prime factors of 14905?
5, 11, 271
What are the prime factors of 3653?
13, 281
List the prime factors of 282.
2, 3, 47
List the prime factors of 77744.
2, 43, 113
List the prime factors of 1061.
1061
What are the prime factors of 1646?
2, 823
What are the prime factors of 1842?
2, 3, 307
What are the prime factors of 5544?
2, 3, 7, 11
List the prime factors of 64.
2
List the prime factors of 936.
2, 3, 13
List the prime factors of 20555.
5, 4111
What are the prime factors of 43718?
2, 21859
What are the prime factors of 990?
2, 3, 5, 11
What are the prime factors of 4819?
61, 79
List the prime factors of 3421.
11, 311
List the prime factors of 2473.
2473
What are the prime factors of 22594?
2, 11, 13, 79
What are the prime factors of 446?
2, 223
What are the prime factors of 48398?
2, 7, 3457
What are the prime factors of 824?
2, 103
List the prime factors of 1883.
7, 269
What are the prime factors of 49314?
2, 3, 8219
What are the prime factors of 247?
13, 19
What are the prime factors of 3347?
3347
List the prime factors of 10930.
2, 5, 1093
List the prime factors of 551.
19, 29
What are the prime factors of 5798?
2, 13, 223
What are the prime factors of 2326?
2, 1163
List the prime factors of 714.
2, 3, 7, 17
List the prime factors of 26246.
2, 11, 1193
List the prime factors of 745.
5, 149
List the prime factors of 14150.
2, 5, 283
List the prime factors of 15307.
15307
What are the prime factors of 934?
2, 467
What are the prime factors of 144?
2, 3
What are the prime factors of 41800?
2, 5, 11, 19
List the prime factors of 2776.
2, 347
List the prime factors of 364.
2, 7, 13
What are the prime factors of 4355?
5, 13, 67
List the prime factors of 10397.
37, 281
List the prime factors of 976.
2, 61
List the prime factors of 10463.
10463
List the prime factors of 30963.
3, 10321
List the prime factors of 5695.
5, 17, 67
What are the prime factors of 36208?
2, 31, 73
List the prime factors of 1386.
2, 3, 7, 11
What are the prime factors of 3468?
2, 3, 17
What are the prime factors of 2331?
3, 7, 37
What are the prime factors of 675?
3, 5
List the prime factors of 2330.
2, 5, 233
List the prime factors of 66.
2, 3, 11
What are the prime factors of 152?
2, 19
What are the prime factors of 10511?
23, 457
What are the prime factors of 3079?
3079
What are the prime factors of 15045?
3, 5, 17, 59
List the prime factors of 20028.
2, 3, 1669
What are the prime factors of 753?
3, 251
What are the prime factors of 85938?
2, 3, 14323
What are the prim